[INFO] cloning repository https://github.com/Osama530/stm32_inturrupts02
[INFO] running `Command { std: "git" "-c" "credential.helper=" "-c" "credential.helper=/workspace/cargo-home/bin/git-credential-null" "clone" "--bare" "https://github.com/Osama530/stm32_inturrupts02" "/workspace/cache/git-repos/https%3A%2F%2Fgithub.com%2FOsama530%2Fstm32_inturrupts02", kill_on_drop: false }`
[INFO] [stderr] Cloning into bare repository '/workspace/cache/git-repos/https%3A%2F%2Fgithub.com%2FOsama530%2Fstm32_inturrupts02'...
[INFO] running `Command { std: "git" "rev-parse" "HEAD", kill_on_drop: false }`
[INFO] [stdout] 0699c2b231eaab4721c753c788dba08231fc4286
[INFO] checking Osama530/stm32_inturrupts02 against master#9610dfe5a9a731ced1ea4923ecbd0c57fe367898 for beta-170-4
[INFO] running `Command { std: "git" "clone" "/workspace/cache/git-repos/https%3A%2F%2Fgithub.com%2FOsama530%2Fstm32_inturrupts02" "/workspace/builds/worker-5-tc1/source", kill_on_drop: false }`
[INFO] [stderr] Cloning into '/workspace/builds/worker-5-tc1/source'...
[INFO] [stderr] done.
[INFO] [stderr] Updating files:  38% (543/1416)
Updating files:  39% (553/1416)
Updating files:  40% (567/1416)
Updating files:  41% (581/1416)
Updating files:  42% (595/1416)
Updating files:  43% (609/1416)
Updating files:  44% (624/1416)
Updating files:  45% (638/1416)
Updating files:  46% (652/1416)
Updating files:  47% (666/1416)
Updating files:  48% (680/1416)
Updating files:  49% (694/1416)
Updating files:  50% (708/1416)
Updating files:  51% (723/1416)
Updating files:  52% (737/1416)
Updating files:  53% (751/1416)
Updating files:  54% (765/1416)
Updating files:  55% (779/1416)
Updating files:  56% (793/1416)
Updating files:  57% (808/1416)
Updating files:  58% (822/1416)
Updating files:  59% (836/1416)
Updating files:  60% (850/1416)
Updating files:  61% (864/1416)
Updating files:  62% (878/1416)
Updating files:  63% (893/1416)
Updating files:  64% (907/1416)
Updating files:  65% (921/1416)
Updating files:  66% (935/1416)
Updating files:  67% (949/1416)
Updating files:  68% (963/1416)
Updating files:  69% (978/1416)
Updating files:  70% (992/1416)
Updating files:  71% (1006/1416)
Updating files:  72% (1020/1416)
Updating files:  73% (1034/1416)
Updating files:  74% (1048/1416)
Updating files:  75% (1062/1416)
Updating files:  76% (1077/1416)
Updating files:  77% (1091/1416)
Updating files:  78% (1105/1416)
Updating files:  79% (1119/1416)
Updating files:  80% (1133/1416)
Updating files:  81% (1147/1416)
Updating files:  82% (1162/1416)
Updating files:  83% (1176/1416)
Updating files:  84% (1190/1416)
Updating files:  85% (1204/1416)
Updating files:  86% (1218/1416)
Updating files:  87% (1232/1416)
Updating files:  88% (1247/1416)
Updating files:  89% (1261/1416)
Updating files:  90% (1275/1416)
Updating files:  91% (1289/1416)
Updating files:  92% (1303/1416)
Updating files:  93% (1317/1416)
Updating files:  94% (1332/1416)
Updating files:  95% (1346/1416)
Updating files:  96% (1360/1416)
Updating files:  97% (1374/1416)
Updating files:  98% (1388/1416)
Updating files:  99% (1402/1416)
Updating files: 100% (1416/1416)
Updating files: 100% (1416/1416), done.
[INFO] validating manifest of git repo https://github.com/Osama530/stm32_inturrupts02 on toolchain 9610dfe5a9a731ced1ea4923ecbd0c57fe367898
[INFO] running `Command { std: CARGO_HOME="/workspace/cargo-home" RUSTUP_HOME="/workspace/rustup-home" "/workspace/cargo-home/bin/cargo" "+9610dfe5a9a731ced1ea4923ecbd0c57fe367898" "metadata" "--manifest-path" "Cargo.toml" "--no-deps", kill_on_drop: false }`
[INFO] removed /workspace/builds/worker-5-tc1/source/.cargo/config
[INFO] started tweaking git repo https://github.com/Osama530/stm32_inturrupts02
[INFO] finished tweaking git repo https://github.com/Osama530/stm32_inturrupts02
[INFO] tweaked toml for git repo https://github.com/Osama530/stm32_inturrupts02 written to /workspace/builds/worker-5-tc1/source/Cargo.toml
[INFO] crate git repo https://github.com/Osama530/stm32_inturrupts02 already has a lockfile, it will not be regenerated
[INFO] running `Command { std: CARGO_HOME="/workspace/cargo-home" RUSTUP_HOME="/workspace/rustup-home" "/workspace/cargo-home/bin/cargo" "+9610dfe5a9a731ced1ea4923ecbd0c57fe367898" "fetch" "--manifest-path" "Cargo.toml", kill_on_drop: false }`
[INFO] [stderr]     Updating crates.io index
[INFO] [stderr]  Downloading crates ...
[INFO] [stderr]   Downloaded panic-itm v0.4.1
[INFO] [stderr]   Downloaded stm32f3 v0.10.0
[INFO] running `Command { std: "docker" "create" "-v" "/var/lib/crater-agent-workspace/builds/worker-5-tc1/target:/opt/rustwide/target:rw,Z" "-v" "/var/lib/crater-agent-workspace/builds/worker-5-tc1/source:/opt/rustwide/workdir:ro,Z" "-v" "/var/lib/crater-agent-workspace/cargo-home:/opt/rustwide/cargo-home:ro,Z" "-v" "/var/lib/crater-agent-workspace/rustup-home:/opt/rustwide/rustup-home:ro,Z" "-e" "SOURCE_DIR=/opt/rustwide/workdir" "-e" "CARGO_TARGET_DIR=/opt/rustwide/target" "-e" "CARGO_HOME=/opt/rustwide/cargo-home" "-e" "RUSTUP_HOME=/opt/rustwide/rustup-home" "-w" "/opt/rustwide/workdir" "-m" "1610612736" "--user" "0:0" "--network" "none" "ghcr.io/rust-lang/crates-build-env/linux@sha256:19e73879b68f455e41552ea35293514db52ea292d993f571636dbffedb77a1ee" "/opt/rustwide/cargo-home/bin/cargo" "+9610dfe5a9a731ced1ea4923ecbd0c57fe367898" "metadata" "--no-deps" "--format-version=1", kill_on_drop: false }`
[INFO] [stdout] 2e04d954fddbf03826c6edad3c9be8d5f4175db94c36818ef35ea794c901ef97
[INFO] running `Command { std: "docker" "start" "-a" "2e04d954fddbf03826c6edad3c9be8d5f4175db94c36818ef35ea794c901ef97", kill_on_drop: false }`
[INFO] running `Command { std: "docker" "inspect" "2e04d954fddbf03826c6edad3c9be8d5f4175db94c36818ef35ea794c901ef97", kill_on_drop: false }`
[INFO] running `Command { std: "docker" "rm" "-f" "2e04d954fddbf03826c6edad3c9be8d5f4175db94c36818ef35ea794c901ef97", kill_on_drop: false }`
[INFO] [stdout] 2e04d954fddbf03826c6edad3c9be8d5f4175db94c36818ef35ea794c901ef97
[INFO] running `Command { std: "docker" "create" "-v" "/var/lib/crater-agent-workspace/builds/worker-5-tc1/target:/opt/rustwide/target:rw,Z" "-v" "/var/lib/crater-agent-workspace/builds/worker-5-tc1/source:/opt/rustwide/workdir:ro,Z" "-v" "/var/lib/crater-agent-workspace/cargo-home:/opt/rustwide/cargo-home:ro,Z" "-v" "/var/lib/crater-agent-workspace/rustup-home:/opt/rustwide/rustup-home:ro,Z" "-e" "SOURCE_DIR=/opt/rustwide/workdir" "-e" "CARGO_TARGET_DIR=/opt/rustwide/target" "-e" "CARGO_INCREMENTAL=0" "-e" "RUST_BACKTRACE=full" "-e" "RUSTFLAGS=--cap-lints=forbid" "-e" "RUSTDOCFLAGS=--cap-lints=forbid" "-e" "CARGO_HOME=/opt/rustwide/cargo-home" "-e" "RUSTUP_HOME=/opt/rustwide/rustup-home" "-w" "/opt/rustwide/workdir" "-m" "1610612736" "--user" "0:0" "--network" "none" "ghcr.io/rust-lang/crates-build-env/linux@sha256:19e73879b68f455e41552ea35293514db52ea292d993f571636dbffedb77a1ee" "/opt/rustwide/cargo-home/bin/cargo" "+9610dfe5a9a731ced1ea4923ecbd0c57fe367898" "check" "--frozen" "--all" "--all-targets" "--message-format=json", kill_on_drop: false }`
[INFO] [stdout] 7cd6608238b3fcf6fe97f8dbd1aa7d908cad61b673465a3964eeced1e2335937
[INFO] running `Command { std: "docker" "start" "-a" "7cd6608238b3fcf6fe97f8dbd1aa7d908cad61b673465a3964eeced1e2335937", kill_on_drop: false }`
[INFO] [stderr]    Compiling typenum v1.11.2
[INFO] [stderr]    Compiling cortex-m v0.6.2
[INFO] [stderr]    Compiling proc-macro2 v1.0.9
[INFO] [stderr]    Compiling unicode-xid v0.2.0
[INFO] [stderr]    Compiling syn v1.0.17
[INFO] [stderr]    Compiling stm32f3 v0.10.0
[INFO] [stderr]    Compiling stm_interrupt v0.1.0 (/opt/rustwide/workdir)
[INFO] [stderr]    Compiling cortex-m-semihosting v0.3.5
[INFO] [stderr]    Compiling quote v1.0.3
[INFO] [stderr]     Checking generic-array v0.13.2
[INFO] [stderr]     Checking generic-array v0.12.3
[INFO] [stderr]     Checking as-slice v0.1.3
[INFO] [stderr]     Checking aligned v0.3.2
[INFO] [stderr]     Checking panic-itm v0.4.1
[INFO] [stderr]     Checking panic-semihosting v0.5.3
[INFO] [stderr]    Compiling cortex-m-rt-macros v0.1.8
[INFO] [stderr]     Checking cortex-m-rt v0.6.12
[INFO] [stdout] error[E0425]: cannot find value `exti` in this scope
[INFO] [stdout]    --> src/main.rs:128:5
[INFO] [stdout]     |
[INFO] [stdout] 128 |     exti.pr1.modify(|_, w| w.pr0().set_bit());
[INFO] [stdout]     |     ^^^^ not found in this scope
[INFO] [stdout] 
[INFO] [stdout] 
[INFO] [stdout] error[E0425]: cannot find value `exti` in this scope
[INFO] [stdout]    --> src/main.rs:128:5
[INFO] [stdout]     |
[INFO] [stdout] 128 |     exti.pr1.modify(|_, w| w.pr0().set_bit());
[INFO] [stdout]     |     ^^^^ not found in this scope
[INFO] [stdout] 
[INFO] [stdout] 
[INFO] [stdout] error[E0152]: duplicate lang item in crate `panic_itm`: `panic_impl`.
[INFO] [stdout]   |
[INFO] [stdout]   = note: the lang item is first defined in crate `panic_semihosting` (which `stm_interrupt` depends on)
[INFO] [stdout]   = note: first definition in `panic_semihosting` loaded from /opt/rustwide/target/debug/deps/libpanic_semihosting-921a9a5f7f108a80.rmeta
[INFO] [stdout]   = note: second definition in `panic_itm` loaded from /opt/rustwide/target/debug/deps/libpanic_itm-399b95912c138338.rmeta
[INFO] [stdout] 
[INFO] [stdout] 
[INFO] [stdout] error: language item required, but not found: `eh_personality`
[INFO] [stdout]   |
[INFO] [stdout]   = note: this can occur when a binary crate with `#![no_std]` is compiled for a target where `eh_personality` is defined in the standard library
[INFO] [stdout]   = help: you may be able to compile for a target that doesn't need `eh_personality`, specify a target with `--target` or in `.cargo/config`
[INFO] [stdout] 
[INFO] [stdout] 
[INFO] [stdout] error[E0152]: duplicate lang item in crate `std` (which `test` depends on): `panic_impl`.
[INFO] [stdout]   |
[INFO] [stdout]   = note: the lang item is first defined in crate `panic_semihosting` (which `stm_interrupt` depends on)
[INFO] [stdout]   = note: first definition in `panic_semihosting` loaded from /opt/rustwide/target/debug/deps/libpanic_semihosting-921a9a5f7f108a80.rmeta
[INFO] [stdout]   = note: second definition in `std` loaded from /opt/rustwide/rustup-home/toolchains/9610dfe5a9a731ced1ea4923ecbd0c57fe367898/lib/rustlib/x86_64-unknown-linux-gnu/lib/libstd-a8a9ba95b1228749.rlib
[INFO] [stdout] 
[INFO] [stdout] 
[INFO] [stdout] error[E0152]: duplicate lang item in crate `panic_itm`: `panic_impl`.
[INFO] [stdout]   |
[INFO] [stdout]   = note: the lang item is first defined in crate `std` (which `test` depends on)
[INFO] [stdout]   = note: first definition in `std` loaded from /opt/rustwide/rustup-home/toolchains/9610dfe5a9a731ced1ea4923ecbd0c57fe367898/lib/rustlib/x86_64-unknown-linux-gnu/lib/libstd-a8a9ba95b1228749.rlib
[INFO] [stdout]   = note: second definition in `panic_itm` loaded from /opt/rustwide/target/debug/deps/libpanic_itm-399b95912c138338.rmeta
[INFO] [stdout] 
[INFO] [stdout] 
[INFO] [stdout] error: aborting due to 3 previous errors
[INFO] [stdout] 
[INFO] [stdout] 
[INFO] [stdout] Some errors have detailed explanations: E0152, E0425.
[INFO] [stdout] 
[INFO] [stdout] For more information about an error, try `rustc --explain E0152`.
[INFO] [stdout] 
[INFO] [stdout] error: aborting due to 3 previous errors
[INFO] [stdout] 
[INFO] [stdout] 
[INFO] [stdout] Some errors have detailed explanations: E0152, E0425.
[INFO] [stdout] 
[INFO] [stdout] For more information about an error, try `rustc --explain E0152`.
[INFO] [stdout] 
[INFO] [stderr] error: could not compile `stm_interrupt` (bin "stm_interrupt") due to 4 previous errors
[INFO] [stderr] warning: build failed, waiting for other jobs to finish...
[INFO] [stderr] error: could not compile `stm_interrupt` (bin "stm_interrupt" test) due to 4 previous errors
[INFO] running `Command { std: "docker" "inspect" "7cd6608238b3fcf6fe97f8dbd1aa7d908cad61b673465a3964eeced1e2335937", kill_on_drop: false }`
[INFO] running `Command { std: "docker" "rm" "-f" "7cd6608238b3fcf6fe97f8dbd1aa7d908cad61b673465a3964eeced1e2335937", kill_on_drop: false }`
[INFO] [stdout] 7cd6608238b3fcf6fe97f8dbd1aa7d908cad61b673465a3964eeced1e2335937
